5*t - 300. Suppose 42 = 3*q + 2*c, 5*q + 4*c = -c + t. What is the tens digit of q?
1
Let q be (215/5)/(-1 - -2). Suppose -x - 42 = -2*f, 5*f + 3*x - 40 = q. What is the tens digit of f?
1
Suppose 0 = -3*t + 5 + 1. Suppose -3 = -t*d + 1. What is the tens digit of d - (-1 + 0 + -10)?
1
Let z be ((-8)/(-6))/((-2)/6). Let l be 63/(-2)*(2 + z). Suppose -23 = 4*v - l. What is the units digit of v?
0
Let b = 264 - 117. What is the tens digit of b?
4
Suppose 7*q + 2*q = 2295. What is the hundreds digit of q?
2
Let m = 26 - 13. What is the tens digit of m?
1
Let l(g) = -g**3 + 12*g**2 + 14*g - 9. What is the units digit of l(13)?
4
Let b(p) = 21*p**3 - p. Let z be ((-4)/6)/((-2)/3). Let s be b(z). Suppose s = 5*a + r, -4*a + 0*r = r - 17. What is the units digit of a?
3
Suppose 0 = 5*y - 6*y - 4*a + 152, -2*y = 2*a - 286. What is the units digit of y?
0
Suppose -7*b = -10*b - 135. Let j = b + 69. What is the units digit of j?
4
What is the units digit of (-3)/(-6) + 266/4?
7
Let c(m) = -14*m + 6. Let v(x) = 15*x - 7. Let k(z) = -6*c(z) - 5*v(z). Suppose g = -4*g + 10. What is the units digit of k(g)?
7
Suppose -5*g + 160 = 20. What is the tens digit of g?
2
Let o = -46 - -114. What is the tens digit of o?
6
Let i = -71 - -108. What is the units digit of i?
7
Let l be (-57)/(-12) - (-2)/8. Suppose -2*f - 24 = -l*f. What is the units digit of f?
8
Let f = 59 + 18. Let n = -49 + f. What is the units digit of n?
8
What is the units digit of (-754)/104*1*-12?
7
Suppose 4*v - 17 = 171. What is the units digit of v?
7
Let t be 12/8*2 - 1. Suppose 5*q = -2*s + 146, -s + 148 = 7*q - t*q. What is the units digit of q?
0
Let f(t) = -28*t**2 - 5. Let m(w) = 57*w**2 + 11. Let x(h) = -13*h**2 + h - 1. Let p be x(1). Let g(d) = p*f(d) - 6*m(d). What is the units digit of g(1)?
1
Let m be 26 - (-2)/(-1) - -3. Suppose 2*y + 42 = 4*q, -q + 33 = -5*y - m. Let w = -10 - y. What is the units digit of w?
1
Suppose 0*p + 2*p - 114 = 0. What is the tens digit of p?
5
Let d(p) = -p**3 + 7*p**2 - 8*p + 3. Let i = 13 - 8. What is the tens digit of d(i)?
1
Let a(b) = -5*b. What is the tens digit of a(-4)?
2
Let f be 1/(1 + (-28)/26). Let o = -4 - f. What is the units digit of o?
9
Suppose 3*a + 2*n = a + 268, 422 = 3*a - 2*n. What is the units digit of a?
8
Suppose l + 15 = 4*l. Suppose 0 = -l*k - 47 - 3. Let a = -9 - k. What is the units digit of a?
1
What is the hundreds digit of 12/(-3) + 2 - -261?
2
Let n = 4 + -7. Let q(i) = i**3 + 3*i**2 - 2*i - 1. Let y be q(n). Suppose 0 = -t + g + 3, -14 = -y*t - g + 1. What is the units digit of t?
3
Suppose -3*q = -0 - 27. Let z = -1 - -1. Suppose 3*t = q - z. What is the units digit of t?
3
Suppose 11 = 2*o - 3*n, -1 = 3*o - 2*n + n. What is the tens digit of -2 - (46/o + 3)?
1
Suppose 60*u = 62*u - 242. What is the hundreds digit of u?
1
Let h = 39 + 10. What is the units digit of h?
9
Suppose 0 = -3*v + j + 1005, -7*v - j + 1347 = -3*v. What is the tens digit of v?
3
Suppose 5*k - 4*s + 15 = 0, -3*k - 2*k - s + 10 = 0. What is the tens digit of (k/2)/(7/672)?
4
Let a be (1 - 249)/((2 + 1)/3). Let v = -4 - -6. What is the tens digit of a/(-12) + v/6?
2
Suppose -2*m - 2*m = 0. Suppose 0*d = 3*d - 5*u + 27, -4*d - 5*u - 36 = m. Let i = -4 - d. What is the units digit of i?
5
Suppose 22 = 3*h - d, 0 = 4*h + 4*d + d - 23. Suppose -u + 2*u - 2 = 0. Suppose -7 = 3*j + 4*f, u*f = -5*j + h - 0. What is the units digit of j?
3
Suppose 0*j + 2*x + 8 = 2*j, 5*j - 4*x = 20. Let c = 6 - 2. Suppose c*t - t - 22 = 2*s, -t - j = 5*s. What is the units digit of t?
6
Let q be (0 - -1)*-1 - -1. Suppose q = 2*d - 3*d - 46. What is the units digit of d/(-8) + 3/12?
6
Suppose -21 + 6 = -3*d. Suppose 4*v + 22 = 5*v + 4*i, d = -i. What is the units digit of v?
2
Suppose -w = 4*i - 739, -2*w = 5*i + 2*w - 932. What is the units digit of i?
4
Let p(q) be the third derivative of 0 - 1/24*q**4 + 11/6*q**3 - q**2 + 0*q. What is the units digit of p(5)?
6
Suppose -4*u = -3*c + 2 - 6, -24 = -3*c - 3*u. Suppose -3*k - 2 = 5*r - 0, -c*k - 5*r - 1 = 0. What is the units digit of k?
1
Let d = 5 + -5. Suppose d = -5*b - 3*m - 7, m = -5*b + 3*m + 13. What is the units digit of b?
1
Suppose 5*o = -4*x + 16 - 141, o = -x - 25. What is the units digit of 1/(2 + o/13)?
3
Let g be (3/2)/(24/256). Suppose g = y - 0. What is the tens digit of y?
1
Let k be (-5)/(-1) - (-1 - -2). Suppose 11 = -3*l - k*a, 3*l + 19 = l - 5*a. Suppose 0*d + 3 = l*d, -4*i + d = -19. What is the units digit of i?
5
Let i(t) = -2*t**2 - t + 2. Let w be i(-2). Let r = 4 - w. What is the units digit of r?
8
Let n be 10/4*(-4)/(-2). Suppose -142 = -4*h - 3*l, -3*l + l = n*h - 181. What is the units digit of h?
7
Let x(r) = -3*r**3 - 2*r**3 + 4*r**3 + 2 + 4*r**2. Suppose 0 = 2*g + 3*n - 5*n, 5*n = -g + 18. What is the tens digit of x(g)?
1
Let l(g) = g**2 + 10*g + 6. What is the tens digit of l(-13)?
4
Suppose 0*h + h - 2*s - 21 = 0, 0 = 3*s + 9. Suppose -h = 6*q - 3*q. What is the units digit of 2 + 1 - (q - -5)?
3
Suppose 6*g - 8 = 8*g. Suppose 101 = 5*o - 2*b, 4*b - 67 = -4*o + b. Let a = g + o. What is the tens digit of a?
1
Let o = 96 + -70. What is the tens digit of o?
2
Let x(z) be the second derivative of -z - 3/2*z**2 - 1/2*z**3 + 0. What is the tens digit of x(-5)?
1
Let z be (-2)/5 + (-114)/15. Let c = 13 + z. What is the units digit of c?
5
Let x be 9/15 - 34/(-10). Suppose -i + 5*j + 11 = 0, -x*i + 18 = 4*j - 2. What is the units digit of i?
6
Suppose 3*l = z - 2*l - 143, 627 = 5*z - 3*l. What is the tens digit of z?
2
Let x(z) = z**3 - 8*z**2 + z - 4. Let l be x(8). What is the tens digit of 50 - (12/l - -1)?
4
Let q = 0 + -2. Let f = -88 - -85. What is the units digit of f/q - 4/(-8)?
2
Suppose 5*z - 2*z + 27 = 5*o, 2*o - 13 = -z. Suppose -o = -2*v + 8. What is the units digit of v?
7
Let c(a) = a**2 + 5*a + 1. Let s(j) = -j**2 - 7*j + 10. Let t be s(-7). Let q = -15 + t. What is the units digit of c(q)?
1
Let z = -2 + 2. Let x be (-1 + z)*6/(-2). Suppose -3*k + 33 - x = 0. What is the units digit of k?
0
Let h = -90 - -116. What is the tens digit of h?
2
Let t be 22/(-18) + (-8)/(-36). Let v be 187 - (t + (-2 - -2)). What is the units digit of v/20 + (-2)/5?
9
Suppose 14 - 4 = x. Suppose 0 = -2*o - 6*g + g + 56, 0 = -o + 2*g + x. What is the tens digit of 0 + (o - (-3 - -6))?
1
Let c(w) = w**3 + 2*w + 5. What is the tens digit of c(3)?
3
What is the units digit of (35 - 6) + (-4)/2?
7
Suppose 0*m - 2*a = -m + 54, 0 = 4*m + 5*a - 216. What is the tens digit of m?
5
What is the tens digit of 14*(6/4 - -4)?
7
Suppose 2*s - 5 = g, 9*s = 4*s + 20. Suppose 0*f + 21 = g*f. What is the units digit of f?
7
Let t(z) = -z**3 - 3*z**2 + 4*z + 2. Let j be t(-4). Let r(b) = -2 + 12 + 1 - b**2 + 2*b**j - b. What is the tens digit of r(0)?
1
Let x(w) = 4*w**2 + w. Let n be x(1). Suppose j + j + 2 = 4*v, v = -4*j + 23. Suppose -v*k - 2 = -n. What is the units digit of k?
1
Suppose 0 = 2*y - 132 - 30. Let v = -57 + y. Suppose -2 = -4*t + 2*l, 5*l - v = 1. What is the units digit of t?
3
Let o = 73 + -45. Suppose u = -3*d + o, 2*d - 48 = -u - u. What is the units digit of u?
2
Let o = 5 + -8. What is the units digit of -1 - (-10 - 3/o)?
8
What is the units digit of (408/32)/(2/8)?
1
Let b = -22 - -22. Suppose -4*f - z + b*z = -219, 5*f - 273 = -z. What is the tens digit of f?
5
Let s = 109 + -72. What is the tens digit of s?
3
Let u(q) = 5*q**2 + q**3 - 57*q + 5 + 57*q. Let c be 1/(-2) - (-9)/(-2). What is the units digit of u(c)?
5
Suppose -u - 30 = -2*v, 5*u = 2 + 8. Suppose -3*p = p + v. Let i(g) = -g**2 - 5*g + 2. What is the units digit of i(p)?
6
Suppose -6 + 16 = -5*a + 5*k, -2*a = 4*k - 14. What is the tens digit of 33 + a + (-2 - 0)?
3
What is the units digit of (19 - 4)/5 + 3*42?
9
What is the tens digit of 98 - 4/12*3?
9
Let k be 2/4 - 15/(-6). Suppose k*l + 0*l = 45. Let h = l + -7. What is the units digit of h?
8
Suppose 4*h - 2*h = 6. Suppose 13 = h*x - 65. What is the units digit of x?
6
Suppose -4*o + 0*o + 16 = f, -5*o = -3*f + 82. Let r = f - 8. What is the units digit of r?
6
Let p = 74 + -38. Suppose 4*a - p = -a - 3*u, 3*a + 4*u - 15 = 0. What is the units digit of a?
9
Let k(a) = a**2 + 5*a - 7. Let u be k(-6). Let c = u - -10. What is the units digit of c?
9
Let h = -3 - -6. Wha